229769
List the prime factors of 1720104212.
2, 430026053
List the prime factors of 2053860268.
2, 513465067
What are the prime factors of 11690029?
13, 899233
List the prime factors of 2030484.
2, 3, 41, 4127
List the prime factors of 50107696.
2, 521, 6011
What are the prime factors of 8278993973?
8278993973
List the prime factors of 128126486.
2, 37, 389, 4451
What are the prime factors of 22300662?
2, 3, 23, 161599
List the prime factors of 2543297780.
2, 5, 43, 113, 26171
What are the prime factors of 87405467?
87405467
What are the prime factors of 115316090?
2, 5, 59, 241, 811
List the prime factors of 1212967913.
1212967913
What are the prime factors of 66625391?
7, 769, 12377
List the prime factors of 733513609.
733513609
What are the prime factors of 306379082?
2, 2447, 62603
List the prime factors of 53203499.
2557, 20807
List the prime factors of 556177921.
13, 29, 67, 97, 227
List the prime factors of 11339652.
2, 3, 821, 1151
What are the prime factors of 177292426?
2, 88646213
List the prime factors of 27215079.
3, 17, 29, 18401
List the prime factors of 965328.
2, 3, 7, 13, 17
List the prime factors of 381263077.
13, 239, 277, 443
What are the prime factors of 354107788?
2, 19, 251, 977
List the prime factors of 38878332.
2, 3, 19, 41, 4159
List the prime factors of 7841371941.
3, 13, 17, 43, 61, 167
What are the prime factors of 9233266644?
2, 3, 7, 17, 2155291
List the prime factors of 10009372.
2, 2502343
List the prime factors of 429125568.
2, 3, 101, 22129
What are the prime factors of 263968283?
263968283
List the prime factors of 88968435.
3, 5, 773, 7673
List the prime factors of 2491927159.
19, 3803, 34487
List the prime factors of 120997110.
2, 3, 5, 13, 557
List the prime factors of 3489132736.
2, 67, 813697
What are the prime factors of 1614332606?
2, 19, 41, 823, 1259
List the prime factors of 22478285.
5, 89, 50513
List the prime factors of 38393622.
2, 3, 29, 24517
List the prime factors of 13748316.
2, 3, 1145693
List the prime factors of 80334000.
2, 3, 5, 4463
What are the prime factors of 3447033293?
11, 29, 401, 26947
What are the prime factors of 136882025?
5, 7, 782183
List the prime factors of 219528984.
2, 3, 67, 136523
What are the prime factors of 455190150?
2, 3, 5, 293, 10357
List the prime factors of 4928817925.
5, 233, 846149
List the prime factors of 78074005.
5, 15614801
List the prime factors of 131927256.
2, 3, 241, 7603
List the prime factors of 57268305.
3, 5, 1272629
List the prime factors of 730325723.
89, 103, 79669
What are the prime factors of 53962662?
2, 3, 13, 691829
What are the prime factors of 317688359?
29, 103, 106357
What are the prime factors of 77173542?
2, 3, 4287419
List the prime factors of 553236764.
2, 2579, 53629
List the prime factors of 4696220202.
2, 3, 782703367
List the prime factors of 360100928.
2, 11, 511507
What are the prime factors of 152182855?
5, 11, 937, 2953
What are the prime factors of 9455998?
2, 4727999
What are the prime factors of 238492407?
3, 107, 742967
List the prime factors of 477870911.
7, 43, 1587611
List the prime factors of 835824976.
2, 7, 31, 240733
What are the prime factors of 919305956?
2, 19, 12096131
List the prime factors of 235368711.
3, 179, 193, 757
List the prime factors of 1645258947.
3, 41, 13376089
What are the prime factors of 5123723227?
7, 67, 10924783
List the prime factors of 3132897660.
2, 3, 5, 1021, 17047
What are the prime factors of 345137926?
2, 7, 19, 653, 1987
What are the prime factors of 11633448?
2, 3, 484727
What are the prime factors of 1207875008?
2, 787, 23981
List the prime factors of 67317836.
2, 19, 46619
What are the prime factors of 27336196?
2, 701, 9749
List the prime factors of 200987219.
37, 5432087
What are the prime factors of 3225421873?
43, 75009811
List the prime factors of 223652562.
2, 3, 7, 760723
What are the prime factors of 5174552546?
2, 2587276273
What are the prime factors of 6315984390?
2, 3, 5, 210532813
What are the prime factors of 138534737?
11, 12594067
What are the prime factors of 366454011?
3, 7, 11, 1586381
List the prime factors of 87819092.
2, 53, 414241
What are the prime factors of 4904202423?
3, 19, 7103, 12113
List the prime factors of 438001650.
2, 3, 5, 23, 101, 419
What are the prime factors of 83477922?
2, 3, 11, 17, 47, 1583
List the prime factors of 129444138.
2, 3, 23, 191, 1637
List the prime factors of 364208772.
2, 3, 23, 599, 2203
List the prime factors of 33886478.
2, 257, 65927
List the prime factors of 3081484407.
3, 29, 317, 111733
What are the prime factors of 1065202863?
3, 101, 263, 13367
List the prime factors of 45327067.
239, 189653
What are the prime factors of 51621689?
7, 19, 388133
What are the prime factors of 143291290?
2, 5, 179, 80051
What are the prime factors of 21832197?
3, 19, 1061
List the prime factors of 790762340.
2, 5, 39538117
What are the prime factors of 151610289?
3, 29, 1742647
List the prime factors of 415666479.
3, 79, 1753867
What are the prime factors of 26569709?
61, 435569
List the prime factors of 47735238.
2, 3, 2707, 2939
What are the prime factors of 732807068?
2, 7, 26171681
List the prime factors of 9737686.
2, 7, 137, 5077
List the prime factors of 4929991.
11, 37, 12113
List the prime factors of 266724449.
266724449
What are the prime factors of 41871663?
3, 17, 103, 2657
List the prime factors of 289962883.
7, 1447, 28627
What are the prime factors of 105402251?
105402251
What are the prime factors of 8006240797?
17, 470955341
List the prime factors of 69593908.
2, 647, 26891
List the prime factors of 71022639.
3, 23674213
List the prime factors of 560445179.
7, 37, 2163881
What are the prime factors of 155561646?
2, 3, 25926941
List the prime factors of 53519245.
5, 13, 823373
List the prime factors of 1013710182.
2, 3, 2903, 58199
List the prime factors of 65928351.
3, 31, 708907
What are the prime factors of 147926612?
2, 36981653
What are the prime factors of 116907158?
2, 863, 67733
What are the prime factors of 91558300?
2, 5, 97, 9439
List the prime factors of 335587596.
2, 3, 61, 103, 4451
List the prime factors of 6462177182.
2, 3231088591
List the prime factors of 80264358.
2, 3, 55051
List the prime factors of 138572358.
2, 3, 19, 61, 19927
List the prime factors of 457395291.
3, 50821699
List the prime factors of 9440668.
2, 2360167
What are the prime factors of 463790691?
3, 7, 13, 62921
What are the prime factors of 7671867?
3, 7, 365327
What are the prime factors of 1931124649?
103, 157, 119419
List the prime factors of 289089078.
2, 3, 709, 67957
List the prime factors of 30281965.
5, 7, 281, 3079
List the prime factors of 742845080.
2, 5, 67, 73, 3797
List the prime factors of 310517257.
17, 18265721
List the prime factors of 300527628.
2, 3, 25043969
What are the prime factors of 194764?
2, 23, 29, 73
List the prime factors of 117697634.
2, 41, 367, 3911
What are the prime factors of 4320863959?
37, 116780107
List the prime factors of 975567420.
2, 3, 5, 113, 47963
List the prime factors of 831136208.
2, 7, 2551, 2909
What are the prime factors of 70738846?
2, 23, 1537801
List the prime factors of 41000625.
3, 5, 37, 197
List the prime factors of 1196295227.
1196295227
What are the prime factors of 108059315?
5, 7, 13, 53, 4481
What are the prime factors of 1528217079?
3, 47, 61, 177679
List the prime factors of 5069943984.
2, 3, 7, 15089119
What are the prime factors of 41917455?
3, 5, 931499
What are the prime factors of 1052135703?
3, 311, 125299
What are the prime factors of 7021700?
2, 5, 7, 1433
List the prime factors of 1133326907.
1133326907
List the prime factors of 93376114.
2, 13, 29, 59, 2099
What are the prime factors of 6539984410?
2, 5, 653998441
What are the prime factors of 14159125?
5, 227, 499
List the prime factors of 4748151491.
1489, 3188819
What are the prime factors of 140159915?
5, 7, 211, 18979
What are the prime factors of 36581184?
2, 3, 41, 1549
List the prime factors of 444700528.
2, 53, 524411
What are the prime factors of 549591849?
3, 7723, 7907
List the prime factors of 932450848.
2, 7, 4162727
What are the prime factors of 20616039?
3, 254519
What are the prime factors of 3592326?
2, 3, 598721
What are the prime factors of 218085406?
2, 7, 11, 991, 1429
W